{"id":61533,"date":"2026-09-04T11:08:17","date_gmt":"2026-09-04T09:08:17","guid":{"rendered":"https:\/\/hifi-filter.com\/?post_type=awsm_job_openings&#038;p=61533"},"modified":"2026-09-04T11:08:19","modified_gmt":"2026-09-04T09:08:19","slug":"technico-commercial-itinerant-ile-de-france-92-93-95-75-h-f","status":"publish","type":"awsm_job_openings","link":"https:\/\/hifi-filter.com\/fr\/jobs\/technico-commercial-itinerant-ile-de-france-92-93-95-75-h-f\/","title":{"rendered":"Technico-commercial itin\u00e9rant \u00cele-de-France 92\/93\/95\/75 (H\/F)"},"content":{"rendered":"<div class=\"Text1Column\" data-component-id=\"Text1Column\">\r\n            <div class=\"Text1Column-text AppText\">Depuis plus de 45 ans, notre Groupe, HIFI FILTER, est sp\u00e9cialis\u00e9e dans les solutions de filtration et s\u00e9paration pour les \u00e9quipements mobiles (automobiles, machine de chantier et agricole) et les process industriels. De taille humaine et pr\u00e9sent en Suisse, France, Roumanie, Pologne, Espagne et Angleterre, nous d\u00e9veloppons et distribuons plus de 70 000 produits dans plus de 160 pays. Notre esprit d\u2019\u00e9quipe, cr\u00e9ativit\u00e9, passion et \u00e9nergie ont fait de nous un leader Europ\u00e9en de la filtration et de la s\u00e9paration.            <\/div>\r\n<\/div>\r\n\r\n\n\n<div class=\"Text1Column\" data-component-id=\"Text1Column\">\r\n            <div class=\"Text1Column-text AppText\">HIFI FILTER France, pour renforcer sa pr\u00e9sence sur le terrain, est \u00e0 la recherche de son futur Technico-commercial Itin\u00e9rant \u00cele-de-France (H\/F) pour couvrir les d\u00e9partements Hauts-de-Seine (92), Seine-Saint-Denis (93), Val-d\u2019Oise (95) et Paris (75).            <\/div>\r\n<\/div>\r\n\r\n\n\n<div class=\"Text1Column\" data-component-id=\"Text1Column\">\r\n    <h2 class=\"Text1Column-title\">Vos missions au quotidien<\/h2>        <div class=\"Text1Column-text AppText\">Rattach\u00e9 au responsable de r\u00e9gion, votre mission principale est de commercialiser une gamme de produits techniques aupr\u00e8s des PME de votre secteur.\r\n\r\nVous serez l\u2019ambassadeur de notre marque sur votre secteur :\r\n<ul>\r\n \t<li><strong>Fid\u00e9liser<\/strong> votre portefeuille de clients existants en \u00e9tant force de propositions sur leurs probl\u00e9matiques.<\/li>\r\n \t<li>Identifier et <strong>prospecter<\/strong> de nouveaux clients potentiels.<\/li>\r\n \t<li><strong>D\u00e9velopper le chiffre d\u2019affaires<\/strong> en proposant aussi bien les produits que les services associ\u00e9s.<\/li>\r\n \t<li>Construire une v\u00e9ritable <strong>relation de confiance<\/strong> et de partenariats avec vos clients et vos prospects dans le but d\u2019asseoir votre portefeuille sur la dur\u00e9e.<\/li>\r\n \t<li><strong>Collaborer avec les supports \u00e0 la vente<\/strong> en interne (ADV, service technique\u2026) pour offrir un service optimal.<\/li>\r\n \t<li><strong>Assurer le suivi administratif de votre activit\u00e9 commerciale<\/strong> avec la mise \u00e0 jour des donn\u00e9es clients\/prospects dans le CRM, ainsi que du <strong>catalogue des \u00e9quipements de vos clients et des solutions de filtration associ\u00e9es<\/strong>, v\u00e9ritable outil de service et de fid\u00e9lisation.<\/li>\r\n<\/ul>            <\/div>\r\n<\/div>\r\n\r\n\n\n<div class=\"Text1Column\" data-component-id=\"Text1Column\">\r\n    <h2 class=\"Text1Column-title\">Et si c&rsquo;\u00e9tait vous ? <\/h2>        <div class=\"Text1Column-text AppText\"><ul>\r\n \t<li>Vous \u00eates quelqu\u2019un de <strong>dynamique<\/strong> et <strong>r\u00e9actif<\/strong> avec une excellente aisance relationnelle ?<\/li>\r\n \t<li>Vous <strong>r\u00e9sidez id\u00e9alement dans l&rsquo;un des d\u00e9partements composant le secteur \u00e0 couvrir (92 \/ 93 \/ 95 \/ 75)<\/strong> afin d&rsquo;\u00eatre au plus pr\u00e8s de vos clients ?<\/li>\r\n \t<li>Vous acceptez de <strong>d\u00e9coucher<\/strong> dans le cadre de vos missions ?<\/li>\r\n \t<li>Vous \u00eates quelqu\u2019un d\u2019<strong>autonome<\/strong> avec le <strong>sens de l\u2019organisation<\/strong> et le <strong>go\u00fbt du d\u00e9fi<\/strong> ?<\/li>\r\n \t<li>Vous avez une exp\u00e9rience r\u00e9ussie dans la <strong>vente BtoB terrain<\/strong>, id\u00e9alement dans l\u2019univers agricole, BTP\u2026 ?<\/li>\r\n \t<li>Vous \u00eates \u00e0 l\u2019aise avec les <strong>outils informatiques<\/strong> (ERP, CRM, Microsoft Pack office).<\/li>\r\n<\/ul>\r\n<p style=\"text-align: center;\"><strong>Vous avez une app\u00e9tence pour les environnements techniques ? Rejoignez un leader europ\u00e9en dans le domaine de la filtration !<\/strong><\/p>            <\/div>\r\n<\/div>\r\n\r\n\n\n<div class=\"DiptychText\" data-component-id=\"DiptychText\">\r\n    <div class=\"DiptychText-wrapper\">\r\n        <div class=\"DiptychText-content\">\r\n            <h4 class=\"AppTitle\">Les petits plus de travailler avec nous :<\/h4>\r\n            <div class=\"AppText\"><ul>\r\n \t<li>Parcours d\u2019int\u00e9gration structur\u00e9, accompagnement continu<\/li>\r\n \t<li>R\u00e9mun\u00e9ration motivante : fixe + primes sur objectifs et 13\u00e8me mois<\/li>\r\n \t<li>V\u00e9hicule, ordinateur, t\u00e9l\u00e9phone, remboursement de frais<\/li>\r\n \t<li>Bonus d\u2019int\u00e9ressement et de participation<\/li>\r\n \t<li>Mutuelle et pr\u00e9voyance<\/li>\r\n \t<li>Panier repas<\/li>\r\n \t<li>Travail sur outil performants et modernes<\/li>\r\n \t<li>Ambiance conviviale au sein d\u2019un groupe \u00e0 taille humaine<\/li>\r\n<\/ul><\/div>\r\n        <\/div>\r\n    <\/div>\r\n<\/div>\n\n<div class=\"Text1Column\" data-component-id=\"Text1Column\">\r\n            <div class=\"Text1Column-text AppText\">Si vous \u00eates pr\u00eat(e) \u00e0 mettre vos comp\u00e9tences au service d\u2019une entreprise dynamique et \u00e0 croissance rapide, nous voulons vous rencontrer ! Envoyez-nous simplement votre CV.            <\/div>\r\n<\/div>\r\n\r\n","protected":false},"excerpt":{"rendered":"","protected":false},"author":7,"template":"","meta":{"_acf_changed":true},"class_list":["post-61533","awsm_job_openings","type-awsm_job_openings","status-publish","hentry","job-category-ventes","job-location-pontarlier-fr","entry"],"acf":[],"yoast_head":"<!-- This site is optimized with the Yoast SEO plugin v28.1 - https:\/\/yoast.com\/product\/yoast-seo-wordpress\/ -->\n<title>Technico-commercial itin\u00e9rant \u00cele-de-France 92\/93\/95\/75 (H\/F) | HIFI FILTER<\/title>\n<meta name=\"description\" content=\"Votre partenaire en filtration HIFI FILTER, la marque leader des filtres compatibles\" \/>\n<meta name=\"robots\" content=\"index, follow, max-snippet:-1, max-image-preview:large, max-video-preview:-1\" \/>\n<link rel=\"canonical\" href=\"https:\/\/hifi-filter.com\/fr\/jobs\/technico-commercial-itinerant-ile-de-france-92-93-95-75-h-f\/\" \/>\n<script type=\"application\/ld+json\" class=\"yoast-schema-graph\">{\"@context\":\"https:\\\/\\\/schema.org\",\"@graph\":[{\"@type\":\"WebPage\",\"@id\":\"https:\\\/\\\/hifi-filter.com\\\/fr\\\/jobs\\\/technico-commercial-itinerant-ile-de-france-92-93-95-75-h-f\\\/\",\"url\":\"https:\\\/\\\/hifi-filter.com\\\/fr\\\/jobs\\\/technico-commercial-itinerant-ile-de-france-92-93-95-75-h-f\\\/\",\"name\":\"Technico-commercial itin\u00e9rant \u00cele-de-France 92\\\/93\\\/95\\\/75 (H\\\/F) | HIFI FILTER\",\"isPartOf\":{\"@id\":\"https:\\\/\\\/hifi-filter.com\\\/fr\\\/#website\"},\"datePublished\":\"2026-09-04T09:08:17+00:00\",\"dateModified\":\"2026-09-04T09:08:19+00:00\",\"breadcrumb\":{\"@id\":\"https:\\\/\\\/hifi-filter.com\\\/fr\\\/jobs\\\/technico-commercial-itinerant-ile-de-france-92-93-95-75-h-f\\\/#breadcrumb\"},\"inLanguage\":\"fr-FR\",\"potentialAction\":[{\"@type\":\"ReadAction\",\"target\":[\"https:\\\/\\\/hifi-filter.com\\\/fr\\\/jobs\\\/technico-commercial-itinerant-ile-de-france-92-93-95-75-h-f\\\/\"]}]},{\"@type\":\"BreadcrumbList\",\"@id\":\"https:\\\/\\\/hifi-filter.com\\\/fr\\\/jobs\\\/technico-commercial-itinerant-ile-de-france-92-93-95-75-h-f\\\/#breadcrumb\",\"itemListElement\":[{\"@type\":\"ListItem\",\"position\":1,\"name\":\"Home\",\"item\":\"https:\\\/\\\/hifi-filter.com\\\/fr\\\/\"},{\"@type\":\"ListItem\",\"position\":2,\"name\":\"Technico-commercial itin\u00e9rant \u00cele-de-France 92\\\/93\\\/95\\\/75 (H\\\/F)\"}]},{\"@type\":\"WebSite\",\"@id\":\"https:\\\/\\\/hifi-filter.com\\\/fr\\\/#website\",\"url\":\"https:\\\/\\\/hifi-filter.com\\\/fr\\\/\",\"name\":\"HIFI FILTER\",\"description\":\"Your partner in filtration &amp; separation\",\"publisher\":{\"@id\":\"https:\\\/\\\/hifi-filter.com\\\/fr\\\/#organization\"},\"potentialAction\":[{\"@type\":\"SearchAction\",\"target\":{\"@type\":\"EntryPoint\",\"urlTemplate\":\"https:\\\/\\\/hifi-filter.com\\\/fr\\\/?s={search_term_string}\"},\"query-input\":{\"@type\":\"PropertyValueSpecification\",\"valueRequired\":true,\"valueName\":\"search_term_string\"}}],\"inLanguage\":\"fr-FR\"},{\"@type\":\"Organization\",\"@id\":\"https:\\\/\\\/hifi-filter.com\\\/fr\\\/#organization\",\"name\":\"HIFI FILTER\",\"url\":\"https:\\\/\\\/hifi-filter.com\\\/fr\\\/\",\"logo\":{\"@type\":\"ImageObject\",\"inLanguage\":\"fr-FR\",\"@id\":\"https:\\\/\\\/hifi-filter.com\\\/fr\\\/#\\\/schema\\\/logo\\\/image\\\/\",\"url\":\"https:\\\/\\\/hifi-filter.com\\\/wp-content\\\/uploads\\\/2021\\\/11\\\/cropped-Favicon-HIFI-FILTER-1.png\",\"contentUrl\":\"https:\\\/\\\/hifi-filter.com\\\/wp-content\\\/uploads\\\/2021\\\/11\\\/cropped-Favicon-HIFI-FILTER-1.png\",\"width\":190,\"height\":190,\"caption\":\"HIFI FILTER\"},\"image\":{\"@id\":\"https:\\\/\\\/hifi-filter.com\\\/fr\\\/#\\\/schema\\\/logo\\\/image\\\/\"},\"sameAs\":[\"https:\\\/\\\/www.facebook.com\\\/hififilter.group\",\"https:\\\/\\\/www.linkedin.com\\\/company\\\/hififilter\\\/\"]}]}<\/script>\n<!-- \/ Yoast SEO plugin. -->","yoast_head_json":{"title":"Technico-commercial itin\u00e9rant \u00cele-de-France 92\/93\/95\/75 (H\/F) | HIFI FILTER","description":"Votre partenaire en filtration HIFI FILTER, la marque leader des filtres compatibles","robots":{"index":"index","follow":"follow","max-snippet":"max-snippet:-1","max-image-preview":"max-image-preview:large","max-video-preview":"max-video-preview:-1"},"canonical":"https:\/\/hifi-filter.com\/fr\/jobs\/technico-commercial-itinerant-ile-de-france-92-93-95-75-h-f\/","schema":{"@context":"https:\/\/schema.org","@graph":[{"@type":"WebPage","@id":"https:\/\/hifi-filter.com\/fr\/jobs\/technico-commercial-itinerant-ile-de-france-92-93-95-75-h-f\/","url":"https:\/\/hifi-filter.com\/fr\/jobs\/technico-commercial-itinerant-ile-de-france-92-93-95-75-h-f\/","name":"Technico-commercial itin\u00e9rant \u00cele-de-France 92\/93\/95\/75 (H\/F) | HIFI FILTER","isPartOf":{"@id":"https:\/\/hifi-filter.com\/fr\/#website"},"datePublished":"2026-09-04T09:08:17+00:00","dateModified":"2026-09-04T09:08:19+00:00","breadcrumb":{"@id":"https:\/\/hifi-filter.com\/fr\/jobs\/technico-commercial-itinerant-ile-de-france-92-93-95-75-h-f\/#breadcrumb"},"inLanguage":"fr-FR","potentialAction":[{"@type":"ReadAction","target":["https:\/\/hifi-filter.com\/fr\/jobs\/technico-commercial-itinerant-ile-de-france-92-93-95-75-h-f\/"]}]},{"@type":"BreadcrumbList","@id":"https:\/\/hifi-filter.com\/fr\/jobs\/technico-commercial-itinerant-ile-de-france-92-93-95-75-h-f\/#breadcrumb","itemListElement":[{"@type":"ListItem","position":1,"name":"Home","item":"https:\/\/hifi-filter.com\/fr\/"},{"@type":"ListItem","position":2,"name":"Technico-commercial itin\u00e9rant \u00cele-de-France 92\/93\/95\/75 (H\/F)"}]},{"@type":"WebSite","@id":"https:\/\/hifi-filter.com\/fr\/#website","url":"https:\/\/hifi-filter.com\/fr\/","name":"HIFI FILTER","description":"Your partner in filtration &amp; separation","publisher":{"@id":"https:\/\/hifi-filter.com\/fr\/#organization"},"potentialAction":[{"@type":"SearchAction","target":{"@type":"EntryPoint","urlTemplate":"https:\/\/hifi-filter.com\/fr\/?s={search_term_string}"},"query-input":{"@type":"PropertyValueSpecification","valueRequired":true,"valueName":"search_term_string"}}],"inLanguage":"fr-FR"},{"@type":"Organization","@id":"https:\/\/hifi-filter.com\/fr\/#organization","name":"HIFI FILTER","url":"https:\/\/hifi-filter.com\/fr\/","logo":{"@type":"ImageObject","inLanguage":"fr-FR","@id":"https:\/\/hifi-filter.com\/fr\/#\/schema\/logo\/image\/","url":"https:\/\/hifi-filter.com\/wp-content\/uploads\/2021\/11\/cropped-Favicon-HIFI-FILTER-1.png","contentUrl":"https:\/\/hifi-filter.com\/wp-content\/uploads\/2021\/11\/cropped-Favicon-HIFI-FILTER-1.png","width":190,"height":190,"caption":"HIFI FILTER"},"image":{"@id":"https:\/\/hifi-filter.com\/fr\/#\/schema\/logo\/image\/"},"sameAs":["https:\/\/www.facebook.com\/hififilter.group","https:\/\/www.linkedin.com\/company\/hififilter\/"]}]}},"_links":{"self":[{"href":"https:\/\/hifi-filter.com\/fr\/wp-json\/wp\/v2\/awsm_job_openings\/61533","targetHints":{"allow":["GET"]}}],"collection":[{"href":"https:\/\/hifi-filter.com\/fr\/wp-json\/wp\/v2\/awsm_job_openings"}],"about":[{"href":"https:\/\/hifi-filter.com\/fr\/wp-json\/wp\/v2\/types\/awsm_job_openings"}],"author":[{"embeddable":true,"href":"https:\/\/hifi-filter.com\/fr\/wp-json\/wp\/v2\/users\/7"}],"wp:attachment":[{"href":"https:\/\/hifi-filter.com\/fr\/wp-json\/wp\/v2\/media?parent=61533"}],"curies":[{"name":"wp","href":"https:\/\/api.w.org\/{rel}","templated":true}]}}

Technico-commercial itinérant Île-de-France 92/93/95/75 (H/F)

<div class="Text1Column" data-component-id="Text1Column">
            <div class="Text1Column-text AppText">Depuis plus de 45 ans, notre Groupe, HIFI FILTER, est spécialisée dans les solutions de filtration et séparation pour les équipements mobiles (automobiles, machine de chantier et agricole) et les process industriels. De taille humaine et présent en Suisse, France, Roumanie, Pologne, Espagne et Angleterre, nous développons et distribuons plus de 70 000 produits dans plus de 160 pays. Notre esprit d’équipe, créativité, passion et énergie ont fait de nous un leader Européen de la filtration et de la séparation.            </div>
</div>



<div class="Text1Column" data-component-id="Text1Column">
            <div class="Text1Column-text AppText">HIFI FILTER France, pour renforcer sa présence sur le terrain, est à la recherche de son futur Technico-commercial Itinérant Île-de-France (H/F) pour couvrir les départements Hauts-de-Seine (92), Seine-Saint-Denis (93), Val-d’Oise (95) et Paris (75).            </div>
</div>



<div class="Text1Column" data-component-id="Text1Column">
    <h2 class="Text1Column-title">Vos missions au quotidien</h2>        <div class="Text1Column-text AppText">Rattaché au responsable de région, votre mission principale est de commercialiser une gamme de produits techniques auprès des PME de votre secteur.

Vous serez l’ambassadeur de notre marque sur votre secteur :
<ul>
 	<li><strong>Fidéliser</strong> votre portefeuille de clients existants en étant force de propositions sur leurs problématiques.</li>
 	<li>Identifier et <strong>prospecter</strong> de nouveaux clients potentiels.</li>
 	<li><strong>Développer le chiffre d’affaires</strong> en proposant aussi bien les produits que les services associés.</li>
 	<li>Construire une véritable <strong>relation de confiance</strong> et de partenariats avec vos clients et vos prospects dans le but d’asseoir votre portefeuille sur la durée.</li>
 	<li><strong>Collaborer avec les supports à la vente</strong> en interne (ADV, service technique…) pour offrir un service optimal.</li>
 	<li><strong>Assurer le suivi administratif de votre activité commerciale</strong> avec la mise à jour des données clients/prospects dans le CRM, ainsi que du <strong>catalogue des équipements de vos clients et des solutions de filtration associées</strong>, véritable outil de service et de fidélisation.</li>
</ul>            </div>
</div>



<div class="Text1Column" data-component-id="Text1Column">
    <h2 class="Text1Column-title">Et si c&rsquo;était vous ? </h2>        <div class="Text1Column-text AppText"><ul>
 	<li>Vous êtes quelqu’un de <strong>dynamique</strong> et <strong>réactif</strong> avec une excellente aisance relationnelle ?</li>
 	<li>Vous <strong>résidez idéalement dans l&rsquo;un des départements composant le secteur à couvrir (92 / 93 / 95 / 75)</strong> afin d&rsquo;être au plus près de vos clients ?</li>
 	<li>Vous acceptez de <strong>découcher</strong> dans le cadre de vos missions ?</li>
 	<li>Vous êtes quelqu’un d’<strong>autonome</strong> avec le <strong>sens de l’organisation</strong> et le <strong>goût du défi</strong> ?</li>
 	<li>Vous avez une expérience réussie dans la <strong>vente BtoB terrain</strong>, idéalement dans l’univers agricole, BTP… ?</li>
 	<li>Vous êtes à l’aise avec les <strong>outils informatiques</strong> (ERP, CRM, Microsoft Pack office).</li>
</ul>
<p style="text-align: center;"><strong>Vous avez une appétence pour les environnements techniques ? Rejoignez un leader européen dans le domaine de la filtration !</strong></p>            </div>
</div>



<div class="DiptychText" data-component-id="DiptychText">
    <div class="DiptychText-wrapper">
        <div class="DiptychText-content">
            <h4 class="AppTitle">Les petits plus de travailler avec nous :</h4>
            <div class="AppText"><ul>
 	<li>Parcours d’intégration structuré, accompagnement continu</li>
 	<li>Rémunération motivante : fixe + primes sur objectifs et 13ème mois</li>
 	<li>Véhicule, ordinateur, téléphone, remboursement de frais</li>
 	<li>Bonus d’intéressement et de participation</li>
 	<li>Mutuelle et prévoyance</li>
 	<li>Panier repas</li>
 	<li>Travail sur outil performants et modernes</li>
 	<li>Ambiance conviviale au sein d’un groupe à taille humaine</li>
</ul></div>
        </div>
    </div>
</div>

<div class="Text1Column" data-component-id="Text1Column">
            <div class="Text1Column-text AppText">Si vous êtes prêt(e) à mettre vos compétences au service d’une entreprise dynamique et à croissance rapide, nous voulons vous rencontrer ! Envoyez-nous simplement votre CV.            </div>
</div>

<!-- This site is optimized with the Yoast SEO plugin v28.1 - https://yoast.com/product/yoast-seo-wordpress/ -->
<title>Technico-commercial itinérant Île-de-France 92/93/95/75 (H/F) | HIFI FILTER</title>
<meta name="description" content="Votre partenaire en filtration HIFI FILTER, la marque leader des filtres compatibles" />
<meta name="robots" content="index, follow, max-snippet:-1, max-image-preview:large, max-video-preview:-1" />
<link rel="canonical" href="https://hifi-filter.com/fr/jobs/technico-commercial-itinerant-ile-de-france-92-93-95-75-h-f/" />
<script type="application/ld+json" class="yoast-schema-graph">{"@context":"https:\/\/schema.org","@graph":[{"@type":"WebPage","@id":"https:\/\/hifi-filter.com\/fr\/jobs\/technico-commercial-itinerant-ile-de-france-92-93-95-75-h-f\/","url":"https:\/\/hifi-filter.com\/fr\/jobs\/technico-commercial-itinerant-ile-de-france-92-93-95-75-h-f\/","name":"Technico-commercial itinérant Île-de-France 92\/93\/95\/75 (H\/F) | HIFI FILTER","isPartOf":{"@id":"https:\/\/hifi-filter.com\/fr\/#website"},"datePublished":"2026-09-04T09:08:17+00:00","dateModified":"2026-09-04T09:08:19+00:00","breadcrumb":{"@id":"https:\/\/hifi-filter.com\/fr\/jobs\/technico-commercial-itinerant-ile-de-france-92-93-95-75-h-f\/#breadcrumb"},"inLanguage":"fr-FR","potentialAction":[{"@type":"ReadAction","target":["https:\/\/hifi-filter.com\/fr\/jobs\/technico-commercial-itinerant-ile-de-france-92-93-95-75-h-f\/"]}]},{"@type":"BreadcrumbList","@id":"https:\/\/hifi-filter.com\/fr\/jobs\/technico-commercial-itinerant-ile-de-france-92-93-95-75-h-f\/#breadcrumb","itemListElement":[{"@type":"ListItem","position":1,"name":"Home","item":"https:\/\/hifi-filter.com\/fr\/"},{"@type":"ListItem","position":2,"name":"Technico-commercial itinérant Île-de-France 92\/93\/95\/75 (H\/F)"}]},{"@type":"WebSite","@id":"https:\/\/hifi-filter.com\/fr\/#website","url":"https:\/\/hifi-filter.com\/fr\/","name":"HIFI FILTER","description":"Your partner in filtration &amp; separation","publisher":{"@id":"https:\/\/hifi-filter.com\/fr\/#organization"},"potentialAction":[{"@type":"SearchAction","target":{"@type":"EntryPoint","urlTemplate":"https:\/\/hifi-filter.com\/fr\/?s={search_term_string}"},"query-input":{"@type":"PropertyValueSpecification","valueRequired":true,"valueName":"search_term_string"}}],"inLanguage":"fr-FR"},{"@type":"Organization","@id":"https:\/\/hifi-filter.com\/fr\/#organization","name":"HIFI FILTER","url":"https:\/\/hifi-filter.com\/fr\/","logo":{"@type":"ImageObject","inLanguage":"fr-FR","@id":"https:\/\/hifi-filter.com\/fr\/#\/schema\/logo\/image\/","url":"https:\/\/hifi-filter.com\/wp-content\/uploads\/2021\/11\/cropped-Favicon-HIFI-FILTER-1.png","contentUrl":"https:\/\/hifi-filter.com\/wp-content\/uploads\/2021\/11\/cropped-Favicon-HIFI-FILTER-1.png","width":190,"height":190,"caption":"HIFI FILTER"},"image":{"@id":"https:\/\/hifi-filter.com\/fr\/#\/schema\/logo\/image\/"},"sameAs":["https:\/\/www.facebook.com\/hififilter.group","https:\/\/www.linkedin.com\/company\/hififilter\/"]}]}</script>
<!-- / Yoast SEO plugin. -->

Technico-commercial itinérant Île-de-France 92/93/95/75 (H/F) | HIFI FILTER
